a*m - 145*m + 74 = 0. List the prime factors of m.
37
Suppose -1 = -5*w + 19. Suppose b = w*r - b + 8, -2*r = -5*b + 20. Suppose -s + m + 7 = r, 5*s - 35 = -0*s - 5*m. What are the prime factors of s?
7
Let q = -1811 - -3145. List the prime factors of q.
2, 23, 29
Let k(s) = -s**3 - 2*s**2 + 2*s + 200. Let u be k(0). Suppose 129*h = 124*h + u. What are the prime factors of h?
2, 5
List the prime factors of -2*(8/((-16)/1753) - 6).
5, 353
Let q = -29 + 75. Let u = q + 67. What are the prime factors of u?
113
Let t(p) = p**3 - 12*p - 7 + 7*p - 8*p**2 + 2 - 6. Let o be t(9). Let q = o + -17. List the prime factors of q.
2
Suppose 2*h + 20 = -2*h, 4*h + 10 = -2*y. Suppose y*i = 5*f + 65, 5*f + 1 = 3*i - 2*i. What are the prime factors of i?
2
Suppose -h - 169 = o, 2*o + 336 = -0*o - 3*h. Let j = -99 - o. Suppose 2*r + 2*r - j = 0. What are the prime factors of r?
2, 3
What are the prime factors of 153*(-2 + 3) - 6?
3, 7
Suppose -i + 2*j = 4*i + 8, 0 = -4*i - 2*j + 8. Suppose d - 3 = -i. Suppose -4*t = -d*v + 115, -21 = -4*v - 2*t + 147. List the prime factors of v.
41
Let r(v) = 3*v + 111. List the prime factors of r(9).
2, 3, 23
Let z(d) = 3*d**2 - 45*d - 32. List the prime factors of z(19).
2, 7
Let l(r) = 2*r**2 + 30*r - 13. List the prime factors of l(-27).
5, 127
Let g = 1162 + 304. List the prime factors of g.
2, 733
What are the prime factors of (46 - 10)/(1 - 0)?
2, 3
Let b = 34 + -33. List the prime factors of b/(-5) + (-14)/5 + 108.
3, 5, 7
Suppose 0 = 10*r - 5732 - 2838. List the prime factors of r.
857
Let d be -3 + 5 + 0/4. List the prime factors of d/(308/(-78) + 4).
3, 13
Suppose -4*z - z = 2*u, -5*u = 0. Let q(f) = -f**2 + 18*f - 11. Let t be q(17). Suppose -12 = -z*y - t*y. What are the prime factors of y?
2
Suppose 2*r = -r + 3. List the prime factors of 2 - (r + 13)*-1.
2
What are the prime factors of 1684 + 5/(25/(-20))?
2, 3, 5, 7
Let a(x) be the second derivative of -x**4/12 + x**3/2 + 3*x**2 + 3*x. Let f be a(-4). Let b = 39 + f. What are the prime factors of b?
17
Let j(y) = y**3 - 3*y**2 + 3*y + 1. Let i be j(5). Let s = -32 + i. List the prime factors of s.
2, 17
Let i = -24 - 8. What are the prime factors of i/(-48)*12/1?
2
Suppose b + 1 - 7 = 0. Suppose b*a + 16 = 7*a. Let o = 76 - a. What are the prime factors of o?
2, 3, 5
Let b(a) = 125*a - 40. Let t(k) = -31*k + 10. Let y(d) = 4*b(d) + 15*t(d). List the prime factors of y(3).
5, 19
Let h = -11 - -13. Suppose -5*x + 26 = 1, 3*v = h*x + 5. Suppose 5*a = -15, v*m - 2*a = -19 + 90. What are the prime factors of m?
13
Let i be (-5)/((-9)/2 + 2). Let r = i - 10. Let y = r + 28. What are the prime factors of y?
2, 5
Let w(m) = -2*m - 25. Suppose 4*n + 84 = -0*n. What are the prime factors of w(n)?
17
Let r be 2*(13/14 + 18/(-42)). What are the prime factors of ((3 - 3) + r)/(2/14)?
7
Let j(l) = 8 + 143*l - 2 - 133*l. Suppose -4*z + 37 = -5*a, 2*a = -4*z + a + 7. What are the prime factors of j(z)?
2, 3
Let n = -1833 + 2049. List the prime factors of n.
2, 3
Let b(g) = g - 8. Let w(t) = 2*t**2 + 3*t - 1. Let j be w(-3). Let r be b(j). Suppose -l - 3 + 10 = r. List the prime factors of l.
7
Let z = -43 + -199. Let k = -154 - z. List the prime factors of k.
2, 11
Let n be (3 - 17)/((-4)/18). Suppose 2*g - 37 = k - 4*k, -5*k - 3*g = -n. What are the prime factors of k?
3, 5
Suppose -4*v + 9*p - 14*p + 1209 = 0, 4*v - 3*p = 1201. List the prime factors of v.
7, 43
What are the prime factors of ((-90)/(-36))/(1/176)?
2, 5, 11
Suppose 2*l = -l - 6. Let f = l + 4. Suppose 0*q - 4*q = 5*t - 80, -80 = -5*t - f*q. What are the prime factors of t?
2
Suppose 4*v - 4*w = -5*w + 2, 4*w = 2*v - 10. What are the prime factors of 603/5 - (v - 14/10)?
11
Let o(x) = -x**2 + 8*x + 6. Let a be o(8). List the prime factors of ((-11)/3)/(a/(-126)).
7, 11
Let p(u) = u**3 + 7*u**2 - 10*u + 10. Let l(s) = s. Let t be l(5). Let b be (6/t)/((-6)/40). List the prime factors of p(b).
2, 13
Suppose 0 = -3*z + 3*d + 9 + 3, -11 = -4*z - d. Suppose w - z*w = -6. Suppose -w*q = -5*q + 30. What are the prime factors of q?
3, 5
Let p be (4 - 6/3) + -2. Suppose p = -8*a + 7*a - 3. List the prime factors of -1 + a*45/(-3).
2, 11
Let c be (-8 - -4) + (0 - -8). Suppose c*s = 5*i + 92, -4*s - 3*i + 124 = -0*s. What are the prime factors of s?
2, 7
What are the prime factors of 6/28 - 564651/(-378)?
2, 3, 83
Let m be (-12)/4 - (-2 - 4). Let c(f) = -f**2 + m*f**2 + 1 + 2*f + 3. What are the prime factors of c(-3)?
2
Let t(l) = l**3 + 13*l**2 + 7*l + 1. Suppose 9 = -2*o + 3*y - 7, -5*o + 5*y - 35 = 0. What are the prime factors of t(o)?
2, 83
Let b be (4/8)/((-2)/20). Let x = 17 + b. Let z = -2 + x. What are the prime factors of z?
2, 5
Let t = 81 + -68. Let g(j) = 2*j**2 - 16*j - 7. What are the prime factors of g(t)?
3, 41
Suppose 5*p - f - 788 = 261, p + 2*f = 201. What are the prime factors of p?
11, 19
Let a = 354 - -633. List the prime factors of a.
3, 7, 47
Let h = -53 + 36. Let t = -12 - h. Suppose -x - 12 = -t*x. List the prime factors of x.
3
Let k = 163 + 461. What are the prime factors of k?
2, 3, 13
Let b(z) = -z + 8. Let h be b(6). Suppose 2*q = 4*j - 546, h*j + 2*q - 526 = -2*j. Suppose -j = -3*n + 4*k + 19, -2*k = -3*n + 147. List the prime factors of n.
47
What are the prime factors of (1074/(-21))/((-20)/280)?
2, 179
Let b be (-2)/(-3) + 52/39. Suppose -4 = 3*j - 5*j. Suppose s = 2*s + b*a - 39, 0 = j*s + a - 87. List the prime factors of s.
3, 5
Let a = -1671 - -2782. List the prime factors of a.
11, 101
Let w be 2 - 2 - (21 - -1). Let q = 0 - w. Suppose -4*p + q = -5*o, 10 = 4*p - 4*o + 5*o. List the prime factors of p.
3
Suppose 0 = -3*p + 9 - 0. Suppose p*b = 4*b - 75. Let h = b - 53. List the prime factors of h.
2, 11
Suppose 5 = -6*b - 7. Let r be (-4)/14 + 45/35. List the prime factors of r/(19/9 + b).
3
Let y be (-12)/(-10)*5 - -1. Let x be 0 - -2 - (-12 + y). Let m(q) = q**3 - 7*q**2 + 3*q - 8. What are the prime factors of m(x)?
13
Let h(f) be the second derivative of f**4/12 - 4*f**3/3 - 7*f**2 + 4*f. Let d be h(11). Let g = d + -3. What are the prime factors of g?
2
Let w = 194 - 115. Let m = 177 - w. Let n = m - 68. What are the prime factors of n?
2, 3, 5
Suppose 84 - 19 = 5*n. Let b = -18 + n. What are the prime factors of (-2)/b*(-7 + 47)?
2
Suppose -36 = 4*r - 2*z - 156, -4*r + 136 = 2*z. Let d be (2 + -42)*r/20. What are the prime factors of 9 + -12 - d/2?
29
What are the prime factors of 1/3*(-13)/((-65)/18765)?
3, 139
Let z be (-556)/(-20) - 2/(-10). Let p = 48 - z. Suppose -1 = v - p. What are the prime factors of v?
19
Let u(b) = -b + 7. Let o be u(6). Let h(r) = -o + 5 - 2*r + 2. What are the prime factors of h(-9)?
2, 3
Suppose -42*r - 40641 = -65*r. List the prime factors of r.
3, 19, 31
Let x(q) = -2*q**3 - 10*q**2 - 7*q - 15. Let n(v) = v**3 + 5*v**2 + 4*v + 8. Let b be 1/(16/28)*-4. Let o(m) = b*n(m) - 4*x(m). List the prime factors of o(-4).
2, 5
Let d(n) = -77*n + 17. List the prime factors of d(-16).
1249
Let g be ((-7)/21)/(1/6). Let b be (1/g)/((-1)/(-12)). What are the prime factors of (16/10)/(b/(-30))?
2
Let o(n) = -16*n - 10. Let g be o(-14). Suppose 3*y - g = y. List the prime factors of y.
107
Suppose -11398 = -4*q - 3622. What are the prime factors of q?
2, 3
Let z(i) = 16*i**2 - 3*i - 47. Let u be z(-5). Suppose 0 = -8*l + u - 56. List the prime factors of l.
3, 13
Let x = -31 + 34. Suppose 0*l + x*l = -3*v + 261, -4*l = v - 78. List the prime factors of v.
2, 3, 5
Let t be (2*1/(-4))/(8/96). Let a(o) = -o**3 - 6*o**2 - 7*o - 8. List the prime factors of a(t).
2, 17
List the prime factors of 20/(-60)*(-3294 - 3).
7, 157
Let b be 1684/3 - (-4)/(-3*4). Let w = -365 + b. List the prime factors of w.
2, 7
Let q = 14636 - 9692. What are the prime factors of q?
2, 3, 103
Let f(p) = p**3 + 16*p**2 - 22*p - 17. Let t be f(-17). List the prime factors of 1 + t + (2 - (-4 - -3)).
2, 3
Let j(f) = 6*f**2 - 40*f + 50. Let p(n) = -n**2 + 8*n - 10. Let a(r) = 2*j(r) + 11*p(r). List the prime factors of a(4).
2, 19
Let p(c) = 12*c - 12. Let o be p(-6). Let m = o + 147. Suppose 3*z - m = 69. What are the prime factors of z?
2, 11
Let m(y) = y**3 - 7*y**2 + 8*y + 4. Let l be m(6). Let b be (-1)/4 - 28/l. List the prime factors of -1*(-22 + -1) - b.
5
Suppose -6*s + 2*s = 0